 highest common factor of 13 and t?
13
Let q be (-13 + -7)*(-4)/10. Suppose -5*o - 2*v + 110 = 0, 0*v = -o + 2*v + 34. Calculate the greatest common divisor of q and o.
8
Suppose -4*y + 1098 = -u, 2*u - 364 = -3*y + 465. Calculate the highest common divisor of y and 55.
55
Suppose -2*r - 80*a + 3828 = -79*a, -3*r + 5751 = -3*a. Calculate the highest common divisor of r and 5.
5
Suppose 4*x - 2*g - 224 = 3*x, 3*x - 660 = 3*g. Calculate the greatest common factor of 8 and x.
8
Suppose 59*s = 53*s + 162. What is the highest common factor of s and 171?
9
Suppose 4*f - 2*q - 2*q = 18600, -f - 4*q = -4675. What is the greatest common factor of 19 and f?
19
Let u be -5 - (-10770)/18 - 2/(-3). What is the greatest common factor of 36 and u?
18
Let y(x) = -6*x**3 + 2*x - 1. Let j be y(-2). Let d = 83 - j. Calculate the greatest common factor of d and 10.
10
Suppose 2*y - 4*y + 2*a + 338 = 0, 6 = 3*a. Let b = 107 - 104. Suppose -b*k = 2*z - 32, -2*z + 5*k + 44 = 2*k. What is the highest common factor of y and z?
19
Let x(y) = 8*y**2 - 40*y - 127. Let i be x(-3). Let f = 30 - 17. Calculate the greatest common divisor of i and f.
13
Suppose -3*g + 2*n + 102 = 0, 10*n + 3 = 11*n. Calculate the greatest common divisor of 8 and g.
4
Suppose 76 = 24*v - 5*v. Let q(g) = 6*g**2 - 7*g + 16. Let f be q(v). Suppose 3*r - 14 = 22. Calculate the greatest common factor of f and r.
12
Let y = -13 + 14. Suppose 4*k + 11 = -q, 4*q + k - y = 3*q. Suppose 7*n = 3*x + 3*n - 63, q*x + n = 82. Calculate the greatest common factor of 17 and x.
17
Let y be ((-34)/(-85))/((-5 + 3)/(-2720)). Calculate the greatest common divisor of y and 17.
17
Suppose -5*t + 15472 - 6157 = 0. Calculate the highest common factor of 23 and t.
23
Suppose 0 = 2*t - j + 11, -4*t + t = -j + 17. Let x = 9 - t. Suppose 1 = 2*s - 3*c - 2, -1 = -c. What is the highest common factor of x and s?
3
Suppose -65*z = -129*z + 74496. What is the highest common factor of 36 and z?
12
Let g be 0/(-2 + (-2 - -3)). Let r = g + -5. Let w(i) = -2*i - 5. Let v be w(r). Calculate the greatest common factor of 10 and v.
5
Let s(f) = 9*f - 6. Let t be s(-2). Let a be (4 - 7)/(2/t). What is the highest common divisor of a and 12?
12
Let v be (-154)/(-10) - 2/5. Let z(r) = 16*r**2 + 96*r + 25. Let n be z(-6). Calculate the highest common divisor of n and v.
5
Let q be ((-42)/5)/((-1)/5). Suppose 3*d - 2*j + 6*j - 9 = 0, 12 = 4*d - 2*j. Suppose -2*m = -25 - d. What is the greatest common factor of q and m?
14
Let w be (-26)/(2/(-1)) + -2. Let o(a) = -a - 7. Let s be o(-11). Suppose 0*u - 4*j + 68 = u, s*u + 4*j = 332. What is the highest common factor of w and u?
11
Let y(g) = g**2 + 23*g + 15. Let m be y(15). Calculate the highest common factor of m and 18.
9
Suppose 3 = -4*o + 3*i, 2 = 3*o + 4*i - 27. Calculate the highest common factor of 78 and o.
3
Suppose 9 - 1 = r. Suppose 5*y - 3*f - 34 = 0, r + 0 = 4*f. Suppose -137 - 15 = -19*m. What is the greatest common divisor of m and y?
8
Let r = 50 - 109. Let l = -43 - r. Let a be (-4)/(-6) + (-570)/(-9). Calculate the highest common factor of l and a.
16
Suppose -10*g = -5*g - 5*t - 85, 5*t - 59 = -4*g. Let k = 5 - 1. Suppose i = k*f - 7*f + 26, 0 = f + 2. What is the highest common divisor of g and i?
16
Let u be -2 - (-370 + -1 + 1). Suppose r - 45 = -g, -15*g = -20*g - 5. What is the greatest common factor of u and r?
46
Suppose -y = y - 10. Let d(w) = 41*w + 2. Let c be d(y). Suppose -3 = 5*a + 5*q - 143, 2*a - 26 = 4*q. Calculate the greatest common divisor of a and c.
23
Let z(v) be the second derivative of 5*v**3/2 + 15*v**2 + 15*v. Let b be z(11). Calculate the greatest common factor of b and 15.
15
Let s be 2669/(-119) - -23 - 202/(-14). Let o(p) = -p**3 - 4*p**2 - 3*p - 3. Let j be o(-7). Calculate the greatest common factor of j and s.
15
Let t = -1370 - -1435. Calculate the greatest common factor of t and 351.
13
Let n(h) = -h**2 - 13*h + 4. Let a be n(-13). Suppose 26 = a*x + 2. Suppose 6*u = 3 + 21. What is the greatest common factor of x and u?
2
Let h(a) = 2 + 2 + a - 2 - 4. Let g be 6 + -4 + 1 + 3. Let o be h(g). Calculate the highest common divisor of o and 32.
4
Let k be 630/147*126/15. What is the greatest common factor of 1152 and k?
36
Let x = 410 + -182. Calculate the highest common factor of 12 and x.
12
Let v be 26/10 - ((-154)/35 - -4). Suppose 55 + 34 = v*l - 4*c, c - 18 = -l. What is the greatest common factor of l and 23?
23
Let b(t) = -t**3 - 10*t**2 - 23*t - 30. Let u be b(-9). Calculate the greatest common factor of u and 224.
32
Let x be (-4)/(-22) + (-163)/(-11). Let q be 848/10 + 3/x. Suppose -15*v = 91 - 601. What is the greatest common divisor of q and v?
17
Let h(r) = -127*r - 263. Let t be h(-4). Calculate the greatest common divisor of t and 140.
35
Suppose -638*i = -647*i + 603. Calculate the greatest common divisor of 536 and i.
67
Let o = 167 - 275. Let u be o/3*(-15)/4. Suppose 45 = 4*p - p. Calculate the highest common divisor of u and p.
15
Let o = -22 + -10. Let a be (-54)/24*o/(-6). Let s be (4/6 + -1)*a. What is the greatest common divisor of 36 and s?
4
Let c = -31 + 33. Calculate the highest common factor of 32 and c.
2
Let i(r) = -4*r - 5. Let o be i(3). Let k = o + 44. Suppose -9*l = -7*l - 378. Calculate the greatest common divisor of l and k.
27
Let m = 29 - 22. Let f = m - 0. Calculate the greatest common divisor of f and 21.
7
Suppose -19*h + 9427 = -149. Calculate the greatest common divisor of h and 280.
56
Suppose 4*o - 3*x - 1881 = 1740, -3*o + 2707 = -4*x. What is the highest common factor of 18 and o?
9
Let u be ((-8)/(64/6))/(5/(-240)). What is the greatest common divisor of 342 and u?
18
Suppose -6*v + 30 = -v. Suppose 3*a + 5*x = v*a - 29, -2*a - 3*x + 13 = 0. What is the greatest common factor of a and 88?
8
Suppose 10*l - 5*l = 250. Let c be (33/12 + 0)*12. Suppose -3*z + c + 342 = 0. What is the highest common factor of l and z?
25
Let t be (-1)/(-3 + (-69)/(-24)) + -3. Suppose 0 = -3*s + 13 + t. Calculate the highest common divisor of s and 48.
6
Let w be (-730)/146*(-1*25 - 0). What is the greatest common factor of 10 and w?
5
Suppose 4*a - 10 = 3*s, 0 = -3*a - 1 + 13. Suppose s*l - 3*u = 40, -7*l + 91 = -2*l - 3*u. What is the highest common divisor of 136 and l?
17
Let z = 54 + -43. Let c(u) = u**3 - 11*u**2 + 7*u + 11. Let q be c(z). What is the highest common divisor of q and 11?
11
Let a be -24*-2*(3 + -1). Let s be a/54 - (-2)/9. Suppose 4*i - s*y - 39 = -3*y, -2*y - 52 = -5*i. Calculate the highest common factor of 15 and i.
5
Let j(n) = -3*n**3 - 28*n**2 + 17*n - 25. Let o be j(-10). What is the greatest common factor of o and 5?
5
Let t(z) = -4*z - 5. Let r be t(-5). Let b = 71 + -38. Let c = b - r. What is the highest common factor of 18 and c?
18
Let r = 48 + 6. Suppose -9*a = -27*a + 324. What is the greatest common divisor of r and a?
18
Let i(s) = -s**3 - 38*s**2 + 33*s + 153. Let o be i(-39). Calculate the highest common divisor of 18 and o.
9
Let i(n) = n**2 - 2*n + 4. Suppose -5*o + 33 = l, 0*o - l + 12 = 2*o. Let j be i(o). Suppose 0*m = -2*m + 26. Calculate the highest common divisor of m and j.
13
Let v(d) = 4*d**3 - 2*d**2 + 3*d + 2. Let q be v(4). Suppose -25*b + 782 = -5*b + 102. What is the greatest common divisor of q and b?
34
Let j be (308/(-189))/22 - 1221/(-81). Calculate the highest common divisor of 1455 and j.
15
Let q(i) = -i**3 - i**2 + 2*i - 37. Let n be q(0). Let u = -22 - n. Suppose 15 = -y + 4*y. What is the highest common factor of u and y?
5
Let r(g) = g**3 + 3*g**2 - 59*g + 11. Let p be r(-9). Calculate the greatest common divisor of 35 and p.
7
Let q = 124 - 52. What is the highest common factor of q and 108?
36
Let a(b) = -b**3 - 9*b**2 + 74*b + 10. Let q be a(-15). What is the highest common divisor of 50 and q?
50
Let q(v) = 8*v + 8. Let k be q(12). What is the highest common factor of k and 80?
8
Let a be 2106/45 + (-16)/20. Calculate the greatest common factor of 345 and a.
23
Let d = -18 - -5. Suppose 10*x - 25 = 175. Let m = x + d. What is the highest common factor of m and 7?
7
Suppose 0*h - g = -h + 6, -5*h + 2*g = -21. Suppose 5*f + h*o = 27, 5*f - 3*o = -0*f + 33. Calculate the highest common factor of 6 and f.
6
Suppose 86*j - 121*j = -5950. Cal